i**6/360 - i**5/24 + i**4/8 - i**3/3 + 16. Let j(g) be the third derivative of w(g). Let u = 357 + -363. What is j(u)?
-3
Let p(f) = f**3 - 10*f**2 + 13. Let s(b) = -2*b**3 - 30*b**2 - 50*b - 14. Let j be s(-11). Let c = j - -442. What is p(c)?
13
Let u(m) = m**2 + 7*m - 2. Let h(f) = 50*f + 6. Let z be h(-9). Let s = 437 + z. Give u(s).
-2
Let i = 4431 - 4424. Let r(w) = -w**3 + 8*w**2 - 10*w + 17. Determine r(i).
-4
Let f(j) = -5*j + 6. Let k = -1027 + 582. Let m = -438 - k. Give f(m).
-29
Suppose -1050 + 2216 = 111*n - 3052. Let j(u) = -u**3 + 34*u**2 + 152*u - 1. What is j(n)?
-1
Let w(d) = d + 6. Let a = -8 + 6. Suppose -3*b - 18 = 3*j, b + 15 = 5*j - 3*b. Let q be j - a - 12/(-3). Determine w(q).
11
Let k = -3200 - -3193. Let x(j) = j - 1. Calculate x(k).
-8
Let c = -36 - -39. Let t(h) be the third derivative of h**5/30 - h**4/24 + h**3/3 + 22*h**2 + 7. What is t(c)?
17
Let l(g) = 28*g**3 - 3 - 15*g**3 + 3*g**2 - 4*g - 12*g**3. Suppose -4*f - 9 = -5*z - 52, 2*z = -6*f + 36. Calculate l(z).
9
Let n(w) be the third derivative of 0*w**5 + 11/120*w**6 + 1/6*w**3 + 0*w + 1/12*w**4 - w**2 + 31. Suppose -1 = -2*i - 3. Give n(i).
-12
Let t(g) = -g**3 - 43*g**2 - 82*g + 1. Suppose 9*d + 2132 = -43*d. What is t(d)?
1
Suppose -3*w - 45 = 5*q, 9 = -q - 3*w + 8*w. Let v(y) = y**3 + 8*y**2 - 6*y + 1. Determine v(q).
-26
Let i(f) = -f**2 + 20*f + 89. Suppose -11*p + 232 + 32 = -0*p. Determine i(p).
-7
Let q(x) be the third derivative of x**7/840 + x**6/60 - x**5/12 - 63*x**3/2 - x**2 + 5*x. Let r(p) be the first derivative of q(p). Give r(-7).
21
Suppose 5*d + 3*b = d - 12, 0 = -2*d + 4*b + 16. Let a(r) = -1 - 27*r + 28*r + 10 + d. Calculate a(-6).
3
Let q(o) = -3*o - 24 + 28*o - 55*o + 32*o. Determine q(17).
10
Let v(u) = u**2 - 9*u - 1. Let g(w) = 3*w**2 - 39*w - 163. Let x be g(-4). Let r = 51 - x. What is v(r)?
9
Let w(g) = -3*g**2 - 6*g - 9. Let r(j) = -5*j**2 - 9*j - 18. Let l(k) = -4*r(k) + 7*w(k). Calculate l(-11).
-46
Let o(v) = 2*v - 67. Let a be o(-7). Let c = -79 - a. Let w(y) = -y**3 + 2*y**2 - 2*y - 2. Give w(c).
-6
Let g be (-104)/10 + (-9)/15. Let o(d) = 18 + 14 - 41 + 3*d - d + 20. Determine o(g).
-11
Let h(a) = -4 - a**3 - 6*a**2 + 5 + 2*a - 7 - 9*a. Suppose 104 = -f + 99. Give h(f).
4
Let b(r) = -321*r - 329*r + 5 - 326*r + 977*r. Let z = -2 - 4. What is b(z)?
-1
Let r(x) be the first derivative of x**4/4 + 2*x**3 + 5*x**2/2 + 12*x + 304. Determine r(-6).
-18
Let i(p) = 288867 + 4*p - 288863 - 9*p. Give i(-11).
59
Let j(n) = n**3 - 33*n**2 + 35*n - 100. Let v be j(32). Let a(f) = -17*f - 61. Give a(v).
7
Let g(x) = -x**3 - x - 1. Let z be 5766/(-18) + (-18)/27. Let k = z - -324. Give g(k).
-31
Let o(m) be the second derivative of -m**4/12 - m**3/2 - 7*m**2 - 3923*m. Calculate o(-8).
-54
Let a be (-17)/(-119) + -2 + 124/14 + -3. Let t(p) = 2*p**2 - 9*p + 1. Give t(a).
-3
Let f(b) = -4*b - 46. Let u be (-40)/3 - 50/75. Let y be f(u). Let d(j) = -j**2 + 5*j + 5. What is d(y)?
-45
Let h(p) be the first derivative of 107 + 4*p + 1/2*p**2. What is h(6)?
10
Let s(z) = -10*z - 12. Suppose 85*r = 352*r. Determine s(r).
-12
Let v(h) be the first derivative of -3*h**2 + 3*h - 36. Let u be 0 - 1/(-3) - (-2114)/21. Let l = u - 98. What is v(l)?
-15
Suppose u - 7 = -2*c, 5*u - 45*c = -49*c + 71. Let s(i) = i**2 - 20*i + 13. Give s(u).
-6
Let b(q) = q**2 - 6*q - 10. Suppose -f + 27 = -5*n, -5*n = -62*f + 66*f - 8. Calculate b(f).
-3
Let a(i) = -i**3 + 2*i**2 - 3*i + 4. Let z be 9252/(-252) + 37 - 78/(-21). Determine a(z).
-40
Let v(q) = -q**3 - 42*q**2 + 133*q - 88. Let l be -33 + (-22803)/(-693) - (-1)/21*-943. What is v(l)?
2
Let r(d) be the third derivative of -d**5/60 + 11*d**4/24 + 45*d**3/2 - 203*d**2 - 2. What is r(-7)?
9
Let w be (-7 - 1 - -5)*(-2)/3. Let p(k) = 3*k**2 + 5*k**2 - 2*k - k**3 - 1 - 4*k**w. Calculate p(4).
-9
Let z be (-1)/16*-2 + 2/(208/2587). Let i(o) = o**2 - 29*o + 108. Calculate i(z).
8
Let u(d) = -d - 10. Suppose 369*v + 36 = 373*v. Let r(b) = -b**2 + 9*b + 9. Let k be r(v). Determine u(k).
-19
Let f = -35053 + 35053. Let w(h) = h**2 + 4*h - 17. Give w(f).
-17
Let t(z) = z**3 + 6*z**2 + z + 8. Let p = -8 + 21. Let x(i) = 2*i**2 - 8*i + 2. Let y be x(5). Let k be y - p - (6 + -1). Determine t(k).
2
Suppose 4 = -q, -4*p = 2*q - 0*q + 32. Let u be (-4)/p - ((-6)/(-9) - 3). Let f be -1 + (-7)/u + 7/21. Let h(m) = -4*m - 3. What is h(f)?
9
Let q(i) be the second derivative of i**7/1260 + i**6/240 - i**5/40 - 29*i**4/12 - 47*i. Let l(j) be the third derivative of q(j). Determine l(-4).
17
Let q(c) be the second derivative of -c**3/6 - 14*c**2 - 2510*c - 2. Give q(-30).
2
Let w = 69 + -62. Let t(p) = -w*p**2 + 17*p**2 + 1 + 5*p**2 - 3*p**2. Let j be (1/3)/((-2)/6). Give t(j).
13
Let u(m) = -m**3 + 14*m**2 - 41*m - 6. Let z = -60 + 70. Let k be u(z). Let s(p) = -p**3 - 17*p**2 - 16*p - 7. Determine s(k).
-7
Let u(m) = -37*m + 5. Let j(d) = 13*d + 1. Let a(h) = 4*j(h) + u(h). What is a(-1)?
-6
Let a(m) = 3*m**3 + 3*m**2 + m. Suppose 0 = p, 0 = 4*b - 2*p - 2 + 22. Let g be (-36)/16 - (b + 0)/20. Determine a(g).
-14
Let q(t) = 5*t**2 - t - 3 - 15*t**2 + 9*t**2 - 3*t. Suppose -116 + 21 = 19*b + 19. Calculate q(b).
-15
Let m(x) = 6*x**3 - 2*x + 1. Suppose 0 = -2*c - 5*l - 11, 4*c + 5*l = -5 - 2. Suppose -c*t - 6*t + 8 = 0. Suppose n - 2*n = -t. Give m(n).
5
Let c(r) = -7*r**2 - 7*r - 2. Let n(j) = -2*j**2 - j. Let d(w) = -w**2 - 4*w - 2. Let z(s) = -d(s) - 2*n(s). Let a(q) = -2*c(q) - 3*z(q). Calculate a(-3).
1
Let g be (-9)/(-12) + 4*(-6)/96. Let d(h) be the first derivative of g*h**2 + 1/3*h**3 - 6 - 3*h. What is d(-4)?
9
Let k(j) = 2*j**2 + 2*j - 1. Suppose 0 = -2*v, 5*g - v + 3*v + 50 = 0. Let a = -7 - g. Suppose 4*w = 2*h - 2, 4*w + 0*h = a*h + 1. Determine k(w).
3
Let h(s) = 2*s + 14. Suppose -14*a = -16*a - q + 5, -10 = -a + 2*q. Calculate h(a).
22
Let s(f) = 3*f**2 + 7*f - 1. Let o = -4709 - -4706. Calculate s(o).
5
Let t(v) = -17*v**2 - 66*v - 2. Suppose -34*n + 5*r = -36*n - 43, -9 = -3*n + 3*r. Give t(n).
-10
Let v = -492 + 503. Let j(o) = -o**2 + 10*o - 26. What is j(v)?
-37
Let c(t) = -4*t - 8. Let d be 4/12 + 4*(-5)/(-12). Suppose d*q = 5*h - 16, 2*q + 3*h + 2*h = 4. What is c(q)?
4
Let g(a) be the first derivative of -a**3/3 + 7*a**2/2 - 2*a + 8. Suppose j = -u + 2, -11 = 47*u - 48*u + 2*j. Give g(u).
8
Let s(q) = -2*q - 7. Suppose -i + 15 = 34. Suppose -8 = w + 3*w. Let a be ((-4)/6)/w - i/(-3). Give s(a).
5
Let n = 25712 - 25712. Let t(z) be the second derivative of -z**6/720 + z**5/24 + z**4/6 + z. Let h(y) be the third derivative of t(y). Determine h(n).
5
Let w be (-8)/16 - 6/4. Let j be (w + 1)/(-1 + 2). Let g(l) = 6*l**3 - l**2 - 2*l - 1. Calculate g(j).
-6
Let o(j) = 5*j**3 - 2*j**2 + 2. Suppose 0 = 3*h + 4*z + 2, -6*z + 3*z - 12 = -3*h. Suppose h*c = -5*a, 3*c = a - c - 22. What is o(a)?
34
Let a(o) be the first derivative of 7*o**2 - 147*o - 7972. Give a(9).
-21
Let h(z) = 65*z**2 + 44*z + 155. Let w(r) = -25*r**2 - 17*r - 60. Let q(i) = 12*h(i) + 31*w(i). Determine q(-2).
18
Let k(d) = -d**2 + 9*d + 7. Suppose 3*r = -2*u + 49, -u - 42 = -5*r - 8. What is k(u)?
-15
Suppose -r = -214*g + 210*g - 34, -g = 5*r - 23. Let m(p) = -56*p - 392. Give m(g).
0
Let m(p) = 4. Let w(u) = -4*u - 26. Let t(a) = -6*m(a) - w(a). What is t(1)?
6
Let h(g) = -7226*g + 7225*g + 20*g**2 - 9*g**2 + 25 + g**3. Determine h(-12).
-107
Let b(h) be the first derivative of h**4/4 - 2*h**3/3 - 3*h**2/2 - 12*h - 7726. Determine b(6).
114
Let t(v) = 3*v**2 - 18*v - 20. Let u be 160/30 + 2 - (-4)/6. Determine t(u).
28
Let x = -27560 + 27564. Let h(l) be the first derivative of l**3/3 - 5*l**2/2 + l + 2. Give h(x).
-3
Suppose 0 = 3*r - 2*d - 102, 7*r = 4*r + 3*d + 102. Suppose -7*p = 50 + r. Let v(x) = -x + 1. Give v(p).
13
Let m be (-2)/3*20*(-207)/(-460). Let t(j) = j - 43. What is t(m)?
-49
Let q(j) = 2*j**3 + j**2 - j - 1. Suppose 4*l = 0, 3*l - 36 = -3*d - 0*l. Let n be ((-15)/d)/((-7)/84). Let c be (16/40)/(((-9)/n)/3). Calculate q(c).
-11
Let o(q) be the first derivative of q**3/3 - 10*q**2 + 6*q + 421. What is o(20)?
6
Let i be (5 + -2)/(54/120)*(-30)/25. Let c(q) = q**2 + 15*q + 54. What is c(i)?
-2
Let j be 6/(-4)*(-64)/12 - 2. Let k(g) = 6*g**2 - 1574*g**3 - j*g + 4 + 1573*g**3 - 2. Calculate k(4).
10
Let p(z) = -z**2 - 3*z + 3